e a/(-4)*(13 + -3). Give n(w).
-9
Suppose 369 - 99 = -5*n. Let r be 4/(-10) + n/(-10). Let b(l) = 3*l**3 - r*l**3 + 3*l**3 + 5*l**2 + 4. Give b(-5).
4
Let p(d) = 2*d + 14. Let k be (30/18)/((-3*1)/(-18)). Give p(k).
34
Let k(y) = -y**3 + 4*y**2 + 3*y - 6. Let f be 30 - (9/(-4) + (-1)/(-4)). Suppose -i - f = -9*i. Give k(i).
6
Suppose -5*o + 4*o + 3 = 0. Suppose -2*i - 4*s + 0*s = -36, -o*i + 19 = -s. Suppose -5*u + 2*y = 2, 2*u + i = 4*y - 5*y. Let j(b) = 3*b - 1. Give j(u).
-7
Let r(n) = -1. Let p(w) = 4*w + 5. Let o(u) = -p(u) - 5*r(u). Let f(v) = -v**3 + 8*v**2 + 9*v + 2. Let a be f(9). Suppose -4 = 3*k + a. Determine o(k).
8
Let q(g) = -2*g + 6. Let r(p) = -46*p**2 + 41*p**2 + p**3 + 0*p**3 + 4 + 4*p. Let n be r(5). Suppose -3*d - d = -n. Determine q(d).
-6
Suppose -3*o = -6*o + 27. Let v = 6 - o. Let w(k) = -k**3 - 3*k**2 - 4*k - 2. Determine w(v).
10
Let z(t) = 4*t - 3*t + 1 + 0*t + 498*t**3 - 497*t**3 + 2*t**2 - 2*t. Calculate z(-2).
3
Let h be ((-3)/((-3)/4))/(112/196). Let x(j) = j**2 - 8*j - 9. Give x(h).
-16
Let f(h) = -2655 + 2655 - 9*h**2 - h. Calculate f(-1).
-8
Suppose -72 = -5*t - 7. Let k(r) = 2*r**2 + 14*r - 6*r**2 - r**2 - t*r. What is k(1)?
-4
Let s(v) = -v - 13. Let l be s(-19). Let m(y) = -4*y + 22. Let c be m(l). Let t(z) = z**3 + 2*z**2 - 2*z + 1. Determine t(c).
5
Let g(f) = -7*f**2 + 14*f - 1. Let p(k) = 4*k**2 - 7*k. Suppose 5*i + v - 20 = -4*v, -4*v - 29 = -5*i. Let s(c) = i*p(c) + 3*g(c). Determine s(6).
3
Let i(c) = -c**3 + 2*c**2 - 3*c + 8. Let u = 527 - 523. What is i(u)?
-36
Let b(g) = -3*g - 11. Suppose 3*y + 25 = 4*w - 1, 2*y + 25 = -5*w. Determine b(y).
19
Let k(s) = -7*s**2 + 3*s - 5. Let z be 2*-3*25/(-30). Let l(c) = 4*c**2 - 2*c + 3. Let d(x) = z*l(x) + 3*k(x). Give d(-2).
-2
Let d = 658 - 659. Let x(r) = -13*r**2 - 1. Determine x(d).
-14
Let u be -7 - (4 + (-252)/9). Let k(r) = r**2 - 19*r + 30. Give k(u).
-4
Suppose -2*f = -3*f - 3. Let t(p) = 2*p**2 + 3*p. Determine t(f).
9
Let p(v) = -v**3 + 12*v**2 - 2*v + 10. Let x be p(12). Let w be (-36)/126 + 24/x. Let h(t) = 2*t + 3. Calculate h(w).
-1
Let r = 68 + -56. Suppose -3 = 3*t + r. Let a(b) = 3*b**3 + 6*b**2 - 4*b + 2. Let o(z) = 7*z**3 + 13*z**2 - 7*z + 5. Let d(c) = 5*a(c) - 2*o(c). Determine d(t).
5
Suppose -20*d + 17*d - 12 = 0. Let b(h) = 2*h**2 + 6*h + 6. Calculate b(d).
14
Let n be 6/(-4)*2/(-3). Let f(i) = -6*i**3 - i. Let w be f(n). Let d(r) = -r**2 - 8*r - 2. Calculate d(w).
5
Let v(z) be the second derivative of -z**5/20 - 3*z**4/4 - z**3/6 - 4*z**2 - 17*z + 2. What is v(-9)?
1
Let i(q) = q**3 - 2*q**2 - 2*q + 3. Suppose -35*j + 19*j = -48. Calculate i(j).
6
Let x(i) = -1209*i**3 + 2418*i**3 - 1208*i**3 + 5*i**2 - 4*i + 6*i + 5. Give x(-5).
-5
Let j be 292/6 - 1/(-3). Suppose 4*s - 4 = -4*z, -4*z + 0 + j = -5*s. Let u(c) = -c**3 + 7*c**2 - 6*c + 6. Determine u(z).
6
Suppose 1 = b - 2. Let t(g) = b - 2 + g**2 + 5*g - 4*g + 0*g. Let l(x) = -2*x**2 - 5*x + 4. Let s(f) = l(f) + t(f). Determine s(-6).
-7
Let d(g) = -g**3 - 10*g**2 - g - 5. Let j be d(-10). Suppose j*i - 5 = -0*i. Let n(v) = -2*v**2 - v. Let y be n(i). Let r(m) = -m - 2. Calculate r(y).
1
Suppose 5*k + 29 = 2*z - 0*z, -35 = -5*z + 5*k. Let j(u) = -4*u**3 - 2*u**2. Give j(z).
-40
Let v(g) = 21*g**2 - 7*g - 9. Let w(d) = 11*d**2 - 3*d - 4. Let n(p) = 3*v(p) - 7*w(p). Calculate n(1).
-13
Let i(s) = -122*s + 1950. Let n be i(16). Let j(h) = -h**2 + h. Let d(g) = g**3 - g**2 + 3*g + 2. Let a(b) = d(b) - 2*j(b). Determine a(n).
-4
Let c(r) = -r**2 - 8*r - 10. Let d be c(-5). Suppose d*k - 14 = u, -20 = 2*u + 3*u. Let y(p) = -p**2 + 0*p**k - 1 + 2 + p + p**3 - 3. Determine y(2).
4
Let j(b) = b**3 - 32*b**2 - 34*b + 36. Let z be j(33). Let s(m) = m**3 - 2*m**2 - 8. Give s(z).
1
Let g = -241 - -241. Let x(m) = -m**3 - 2*m + 2. Calculate x(g).
2
Let c(s) = -8*s**2 + s. Let j(a) = -a - 1. Let y(v) = v - 5. Let q(o) = 2*j(o) + y(o). Let p be q(-7). Let l be 3 - (1 - -1) - p. What is c(l)?
-7
Let g(f) = 3*f - 1. Let o be g(1). Suppose -o*k = 2*h - 2, -5*k = -0*h + h - 1. Let m(q) = h + 52*q - 50*q - 4. What is m(2)?
1
Let l(n) = 2 + 187*n**2 - 388*n**2 + 10*n + 195*n**2 + 7 - n**3. What is l(-6)?
-51
Let d(c) = 14*c**3 - 4*c**2 - 3*c + 7. Let p(o) = -5*o**3 + o**2 + o - 2. Let b be (-186)/(-15) + -1 - 2/5. Let t(a) = b*p(a) + 4*d(a). Calculate t(5).
1
Let b(v) = 17*v**3 + v**2 - 1. Let j be b(1). Let s = -14 + j. Let i(l) = 2*l - 4. Determine i(s).
2
Let s(k) = 4*k**2 + k. Let h be (-30)/(-4 + 2)*6. Suppose h = 2*n + 7*n. Let y be (-25)/(-5)*2/n. What is s(y)?
5
Let c(l) = -l + 9. Let u(x) = 6*x**2 - 35*x + 4. Let o be u(6). Determine c(o).
-1
Suppose 4*h = 18 - 6. Suppose 3*m + 4*w - 6 = 0, -5*w - 4 = -h*m + 2. Let c(f) = -9*f + 9*f + 2*f**m - 2. Determine c(-2).
6
Let c(v) = 7 - 2*v + 2*v**2 - v**2 - 5*v - 2*v. Let t = -16 + 30. Suppose -14 - t = -4*b. What is c(b)?
-7
Let h(s) = -9*s - 32. Let a(x) = 3*x + 11. Let p(d) = -17*a(d) - 6*h(d). Let q be p(-2). Let i(n) = -9*n**3 - n - 1. Give i(q).
9
Let z(f) = 0*f**2 - 30 + 24 + f**2 - 7*f. What is z(8)?
2
Suppose 0 = -3*p + o - 22, 7*p - 2 = 10*p + 4*o. Let d(z) = 0*z + 3*z + 7 - 6*z + 2*z. Calculate d(p).
13
Let c(i) = -i**2 + 16*i + 19. Let o be c(17). Let u(r) = 7*r**o - 5*r**2 + 0 - 2. Suppose 4*a + 2*h - 1 = 1, 5 = 5*a + 3*h. Give u(a).
6
Let y(r) = -9 + 4*r - 40*r**2 + 0 + 2*r - 45*r**2 + 84*r**2. Calculate y(6).
-9
Suppose 3*c - p + 18 = 0, 2*c + 3*p + 4 - 3 = 0. Let a(k) = k + 1 + 2*k - 2. Let v(r) = -2*r. Let g(x) = c*v(x) - 3*a(x). Determine g(4).
7
Let f(g) = -g**3 + 4*g**2 - 3*g + 2. Suppose 4*i = -0*i - 12. Let b(h) = -3*h - 6. Let r be b(i). Calculate f(r).
2
Let b(x) be the third derivative of x**4/6 + 7*x**3/3 + 3*x**2 - 11. What is b(-4)?
-2
Let w(h) = 10*h + 9. Let v be w(-1). Let u(d) = -22*d**2 + 1. Give u(v).
-21
Let s(b) = 2*b - 1. Suppose -8*x + 24 + 0 = 0. Suppose f - 10 = -0*u + u, -4*u - 34 = -x*f. What is s(f)?
11
Let t be ((-1)/2)/(2/12). Let d be (3 - 4)*16/(-4). Let x(q) = q**2 - q**3 - 37 + 33 - d*q**2 + 2*q**2 + 3*q. Give x(t).
5
Let f(n) be the third derivative of 23*n**6/120 - n**4/24 - 4*n**2. Let v(s) = s**2 - 9*s - 9. Let p be v(10). Determine f(p).
22
Let x(a) = -a**3 + a - 7. Let u = -44 + 23. Let b = 21 + u. Determine x(b).
-7
Suppose 2*j - 4*l - 2 = -l, -4*j + 4*l = -8. Let f(c) = j + 1 + c**2 - 4 + 3*c. Suppose 28 = -5*u - 4*n, 16 = -4*u + 2*u - 4*n. Give f(u).
5
Let o(j) = 20*j - 40*j + 34 + 21*j. Determine o(0).
34
Let q be (-9)/(-18) - (2 + 19/2). Let u(o) = -2*o - 14. Calculate u(q).
8
Let q(w) = w - 4. Let y be (-1)/(((-5)/(-25))/(-1)). Suppose 0 = -3*x + y*x - 16. What is q(x)?
4
Let z(u) be the second derivative of u**5/20 + u**4/2 - u**2/2 - u. Let x(l) be the third derivative of l**4/8 + 3*l**3/2 - 9*l**2. Let g be x(-5). Give z(g).
-1
Suppose -2*i - 1519 = -1545. Let a(g) = -g + 3. Calculate a(i).
-10
Let x(p) be the first derivative of 1/2*p**2 - 9*p + 1. Let u = 852 - 852. Calculate x(u).
-9
Let u(l) = 5*l - 4. Let n(k) = -23*k + 19. Let a(o) = 12*o - 10. Let x(i) = -5*a(i) - 3*n(i). Let w(y) = -11*u(y) + 6*x(y). Calculate w(-2).
4
Let b = -390 - -384. Let m(a) = -a + 9. Let z be m(7). Let d(g) = -5 - 5*g - 7*g**z + 1 + 2 - g**3. What is d(b)?
-8
Let o(j) = j + 8. Suppose 10 = 5*x + 3*w, 0 = -3*x + 5*w - 2*w + 6. Let y be (8/6)/(x/3). Let l be (0 - -5)*(1 - y). What is o(l)?
3
Let r(x) = 1 + 9*x - 7*x - x**2 + 17*x**3 + 17*x**3 + 14*x**3 - 47*x**3. Give r(2).
9
Let s(t) = -2*t + 2. Suppose -3*i + 6*i - 9 = -2*f, 0 = i - 3*f - 14. Suppose -5*u + 60 = i*u. Give s(u).
-10
Suppose 3*s + 28 = 34. Suppose -3*k - s*g + 13 = 0, 4*g = 2*k + 3*k - 7. Let y(b) = -b**3 + 4*b**2 - b - 3. Calculate y(k).
3
Let h(j) = 11 + 927*j - 930*j - 14. Give h(-5).
12
Let p(j) = 4*j - 1. Let w(c) = 11*c - 2. Suppose 6*z - 73 = 29. Let i(o) = z*p(o) - 6*w(o). What is i(7)?
9
Suppose 4*b = 12*b + 16. Let p(c) = c**3 - 4*c - 3. Calculate p(b).
-3
Let t(c) = -3*c**2 - 9*c - 5. Let a(y) = 2*y**2 + 9*y + 5. Let m(z) = -4*a(z) - 3*t(z). Let x(h) = h**2 - 8*h - 4. Let g(j) = 4*m(j) - 5*x(j). Give g(4).
0
Let f = 40 + -41. Let g = -26 - -22. Let w(j) = -4*j**2 - 6*j - 5. Let c(x) = 4*x**2 + 7*x + 6. Let k(r) = g*c(r) - 5*w(r). Determine k(f).
3
Let n(m) = -9 + 30 - 9 - 9*m - 11. Suppose -4*y = 4*a, 0 = 5*y - a - 16 + 4